2. Give h(v).
8
Let q = -2 + 3. Let s(n) be the first derivative of -n**2/2 + n - 6. What is s(q)?
0
Let g(n) be the third derivative of -1/2*n**3 + 0 + 1/24*n**4 + 0*n + 4*n**2. What is g(4)?
1
Suppose 3*n = 2*o - 0*o - 33, -39 = -2*o + 5*n. Let k be 1/(10/o - 1). Let y(a) = -a**3 - 5*a**2 + 5*a - 2. Calculate y(k).
4
Let s(v) = -4*v**3 + v**2 + 2 + 6*v - 2*v + 3*v**3 - 3*v**2. Let b be s(-3). Let m(d) = -7*d**2 - 2*d - 1. Determine m(b).
-6
Let h(t) = -t**2 - 2*t + 5. Let k(z) = z**2 + 2*z - 6. Let n(g) = -5*h(g) - 4*k(g). Let b = 4 - 2. Suppose 4*v + r + 8 = -0*v, -b*r - 4 = 2*v. What is n(v)?
-1
Let i(p) be the third derivative of -p**5/60 + p**4/6 + 2*p**2. Determine i(4).
0
Suppose -18*v = -14*v - 8. Let r(s) be the first derivative of -1 - 5/3*s**3 + 1/2*s**v - 1/4*s**4 + 2*s. Determine r(-5).
-3
Suppose -3*s = -3*t - t - 10, 5*t = 3*s - 14. Let x(g) = -8 + 2*g - 5 + 11. Determine x(s).
-6
Suppose -l + 6*l - 20 = 0. Let q(r) = -11*r**2 + 3*r - 13. Let y(m) = 5*m**2 - m + 6. Let j(o) = -6*q(o) - 13*y(o). Determine j(l).
-4
Let p(s) be the second derivative of 0 + 0*s**2 + 2/3*s**3 - 3*s. Give p(-1).
-4
Let o(h) = h**3 - 7*h**2 + 5*h + 8. Suppose 3*x + 4 = 22. Determine o(x).
2
Suppose 2*a = -5 + 11. Let u(l) = -l**3 - l**2 + l. Let m(w) = 4*w**3 - 2*w**2 - 10*w + 6. Let h(v) = a*u(v) + m(v). Determine h(6).
0
Let k(u) = u + 6. Let y be k(-4). Let q(d) be the second derivative of -y*d - 1/6*d**3 + 0 - 3/2*d**2. Give q(-5).
2
Let a(f) be the second derivative of -f**4/12 - f**3 + 5*f. Determine a(-7).
-7
Let h(x) = x**2 + 3*x - 3. Suppose -4*d - 2*i + 16 = 0, -4*i - 4 + 12 = -4*d. Calculate h(d).
7
Suppose -3*n - 5*i + 21 = 0, 0 = -n - 2*n - 2*i + 12. Let t(g) = -3*g + 2*g - g - g + n. Calculate t(2).
-4
Let c = -3 - -9. Let t(q) = q - 4. Calculate t(c).
2
Let j be (-4 + 1)/(1 + -2). Let b(c) be the second derivative of 0 + 2*c**2 - 1/3*c**j - c. Give b(3).
-2
Let c(i) = 2*i**2 - 1 - 1 + 0. Determine c(-2).
6
Let j(h) be the second derivative of 0 + 0*h**3 - h + 1/60*h**5 + 1/6*h**4 - 1/2*h**2. Let m(n) be the first derivative of j(n). What is m(-5)?
5
Let p(y) = -y**3 - 4*y**2 - 4*y - 2. Let j be (1/(-5) - (-16)/(-120))*6. Give p(j).
-2
Let n(g) = 14*g - 20. Let y(r) = 5*r - 7. Let b(m) = -6*n(m) + 17*y(m). Give b(-2).
-1
Let n(z) = 37 - 42 - 2*z + 6*z. Let p(x) = 2*x - 3. Let y(l) = 3*n(l) - 5*p(l). Give y(-5).
-10
Let k(b) = 4*b**3 + 6*b**2 - 34*b - 2*b**3 + 3 + 33*b - b**3. Give k(-6).
9
Suppose 90 = 7*j + 3*j. Let x(b) = -b + 12. Give x(j).
3
Let c(s) = -1 + 24*s - 22*s - 2. Give c(-4).
-11
Suppose -161*n + 158*n = 6. Let c(h) = -2*h - 1. What is c(n)?
3
Let w(m) = -m**3 - m**2 + 1. Let y(t) = 5*t**3 + 10*t**2 - 4. Let r(b) = 6*w(b) + y(b). Calculate r(3).
11
Let h(z) = -3*z + 4. Let m be h(-7). Suppose 4*j + j + m = 0. Let x(d) = 4 - d**3 - 5 - 6*d**2 - 5*d - 2. What is x(j)?
-3
Let d(g) be the second derivative of g**3 - 3*g**2 + 6*g. Let p(f) = 11*f - 11. Let k(x) = -7*d(x) + 4*p(x). Give k(3).
4
Let p be 3 + 0 - 0/3. Let y(a) = 2*a - 1 + 2*a**3 - 3*a**p + 0. Let f be (0 - (3 - 2)) + 3. Calculate y(f).
-5
Let l = 4 + -3. Let g(a) = -14*a**2 + 56*a. Let r(h) = -2*h. Let v(i) = -g(i) - 28*r(i). Give v(l).
14
Let s = 137 + -132. Let w(d) = 1 + d + 0*d - 3. Determine w(s).
3
Let s(i) be the second derivative of -i**4/12 + i**3/6 - 2*i**2 - 15*i. Let l(n) = n - 2. Let u be l(2). Calculate s(u).
-4
Let u(o) = o**3 - o + 2. Let w = -2 - -4. Let i = 0 + w. Suppose -2*n + 8 = 3*p, -i*p = -8*n + 4*n + 16. Give u(p).
2
Suppose o + 3 = 2*z, 0 = -o - 0*o - 3*z + 7. Suppose -17 = n - 5*h, n + 0*n = h - o. Let y(m) = -m**2 + 1. Give y(n).
-8
Let d(u) = 2*u**2 + u. Let v be (-2 - -1)/(4/16). Let l be (-156)/91 - v/(-14). Calculate d(l).
6
Let f(h) be the third derivative of 0 + 4*h**2 + 0*h + 1/60*h**5 + 1/12*h**4 + 1/6*h**3. Determine f(-2).
1
Let y(u) = u**3 - 6*u**2 + 6*u - 3. Let i(o) = 0 - 5*o**2 - o**3 + o - 5 + 3. Let n be i(-5). Let d = -2 - n. Give y(d).
2
Suppose 0 + 3 = -o. Let b(p) = -2*p - 2. Determine b(o).
4
Let l = 15 + -15. Let v = -3 + l. Let m(g) = g + 3. What is m(v)?
0
Let i = 12 + -13. Let b be 5*(-3 - -2)*i. Let s(d) = 2*d + 4. Calculate s(b).
14
Let r(c) = -3 + 2*c - 1 + 0 - 2. Determine r(6).
6
Let a(s) be the first derivative of 3/10*s**5 + 0*s**4 - 1/6*s**3 - 2*s + 0*s**2 + 2. Let h(p) be the first derivative of a(p). What is h(-1)?
-5
Let x(c) = -c**2 + 8*c + 7. Let a be 175/15 + -6 + 2/(-3). Determine x(a).
22
Let j(c) = -c**3 - 2*c**2 + c - 1. Let k(o) = -o**2 - 2*o + 6. Let w be k(-4). Give j(w).
-3
Let x(h) = -h**2 - 2*h + 4. Let b(s) = -s - 11. Let r be b(-8). Give x(r).
1
Let m(c) be the third derivative of -c**7/2520 + c**6/120 - 3*c**5/40 + 3*c**4/8 + 3*c**2. Let k(g) be the second derivative of m(g). Give k(6).
-9
Let i(s) = 0*s - 4*s**2 - 34 + 17 + 22 - s + s**3. Give i(4).
1
Let p(h) = -h**3 + 2*h + 2. Suppose -5*u = -2*u - 9. Let i = 4 + u. Suppose 5*w + 2*b + 16 = 0, -5*w + b - i = -0. Give p(w).
6
Let j = -4 - 3. Let x(c) = -c**3 - 8*c**2 - 7*c - 6. Determine x(j).
-6
Suppose 2*m = -h + 5 - 1, 0 = 2*m + 2. Suppose 4*q - c + h = 1, 15 = q + 3*c. Let a(z) = -z**2 + z - 3. Calculate a(q).
-3
Let o(l) = -3*l**2 + 4*l + 5. Let u(x) = x**2 - 2*x - 2. Suppose -15 = 3*t - 0*t. Let f(r) = t*u(r) - 2*o(r). Determine f(-2).
0
Let b(k) be the third derivative of -k**5/60 - k**4/12 - k**3/3 - k**2. Suppose 10*j - 6*j = -12. Determine b(j).
-5
Let q(p) = p + 3. Let f(o) = -o - 11. Let g(w) = -6*w - 78. Let v(n) = -15*f(n) + 2*g(n). Let x(j) = -8*q(j) + 3*v(j). Calculate x(-3).
0
Let t = -6 + 47. Suppose t = -5*n - 0*h + 3*h, 24 = -4*n - 2*h. Let a = n + 6. Let m(j) = -12*j - 1. Give m(a).
11
Let b = -12 - -12. Let l(k) = -11*k - 11. Let w(y) = 4*y + 4. Let u(v) = 3*l(v) + 8*w(v). Give u(b).
-1
Let t(a) = -4*a - 6. Let b(z) = -7*z - 11. Let d(o) = 6*b(o) - 11*t(o). What is d(-2)?
-4
Let d(n) = -n**3 + 2*n**2 + 2*n - 2. Suppose 2*j - 2*p - 6 = -0*j, 2*j = -4*p. Determine d(j).
2
Let v(t) = t**3 - 7*t**2 - 5*t + 6. Let x(l) = -12 - 3*l - 11*l - 11*l**2 + 2*l**3 - 9*l**2 + 29. Let u(q) = -17*v(q) + 6*x(q). What is u(1)?
-5
Let a(d) = -3*d**2 - 11*d - 9. Let x(b) = -4*b**2 - 12*b - 9. Let m(k) = -3*a(k) + 2*x(k). What is m(-6)?
-9
Let m(f) = -f**3 - 4*f**2 - 5*f. Let o be m(-3). Let g(x) = x**3 - 7*x**2 + 6*x + 4. Give g(o).
4
Suppose 4*w + 5 = 5*a - 34, 4*a = -5*w - 18. Let y(c) be the second derivative of -c**5/20 - 7*c**4/12 - 7*c**3/6 + c. What is y(w)?
6
Let j(w) = 0*w - w**2 + 3*w + 1 - 4*w - 2*w**3. Let k be (-128)/20 + 4/10. Let o be (-2)/4 - 9/k. Determine j(o).
-3
Let d(f) = -2*f. Let g(k) = -k - 8. Let b be g(-6). Let t = 0 - b. Calculate d(t).
-4
Suppose 9 - 14 = 5*z. Let u(q) = 7*q**2 + 1. Give u(z).
8
Let s(q) be the first derivative of q**2/2 - 1. Suppose 4*l = -3*x + 26, -4*l = -x + l - 4. Determine s(x).
6
Suppose 0 = -2*p + f, -7 = -3*p - 5*f + 3*f. Let d(i) = i + 1. Determine d(p).
2
Let x be (-1*1*1)/(-1). Let z(y) = x - 3*y + 8*y + y**2 + 0*y**2. Suppose -45 = 5*c - 4*j, 2*c + 0*c + 25 = 3*j. What is z(c)?
1
Suppose 2*c - 2*b - 9 + 3 = 0, 3*b = -c - 1. Let x = c - -1. Let v(j) = 2*j**2 - x*j**3 + j + 9 - 9. What is v(-1)?
4
Let f(v) = v**3 - v - 1. Let m be f(-1). Let b(c) be the second derivative of -c**5/10 - c**4/6 - c**3/3 - c**2/2 - c. Determine b(m).
1
Suppose 19*g - 20*g = -3. Let d(y) be the second derivative of 1/3*y**g + 2*y**2 + 3*y + 0. Give d(-3).
-2
Let x(f) = -f**3 - f**2 + 3*f + 1. Suppose c + 5 = -0*c + 3*j, -3*j + 3 = 0. Calculate x(c).
-1
Suppose -6*o = -3*o - 9. Let n(f) = -8*f - 1 - 2*f**2 + 19*f - 4*f**2 - 7*f + 4*f**2. Calculate n(o).
-7
Suppose 6*s - 15 = 3*s. Suppose -6 = -s*x - 41. Let c be x - -10 - -1*2. Let r(l) = -l - 1. Calculate r(c).
-6
Suppose 0 = -2*q - r + 7, 2*q - r = -1 + 6. Let x(o) = q*o - 4 + 0 - 2*o - 4. Give x(6).
-2
Suppose -4*d - d - 2*o + 6 = 0, -3*d + 16 = -5*o. Suppose 2*y + 4 - d = 0. Let q(x) = -9*x + 1. Give q(y).
10
Let a(d) = d**2 + d + 2. Suppose 0*i - 5*i + 20 = 0. Suppose j + 6 = i. Calculate a(j).
4
Let c(i) = 7*i**2 - 3*i + 9. Let o(f) = 1 + 1 + 0*f**2 - 4*f**2 + f - 7. Let a(s) = -3*c(s) - 5*o(s). Let r be a(4). Let p(z) = -z**2 - z - 2. What is p(r)?
-4
Let z(h) be the third derivative of -h**7/2520 + h**5/120 + h**4/12 - 7*h**2. Let n(t) b